and 420?
10
Let p = -391 - -415. What is the highest common divisor of p and 96?
24
Let f(b) = 5*b**2 - 43 + 19*b**3 - 5*b**2 + 44. Suppose 0 = -5*u + 9 - 4. Let l be f(u). What is the highest common factor of l and 8?
4
Let z(l) = -4*l - 4. Let u be z(-4). Suppose 4*k + u = -0. Let x be 22/10 + k/15. Calculate the greatest common divisor of 14 and x.
2
Suppose 1053 = 9*v - 1161. Let c = -114 + v. Calculate the greatest common factor of 12 and c.
12
Let c be (2 + 4/(-8))*28. Let d be (7/(-5) - -1)*-30. Let t = d + 2. What is the highest common factor of c and t?
14
Let k be (-9)/6 + (-18)/(-4). Suppose 0 = 4*p - k*r - 141, p - 5*r = -3*p + 139. What is the greatest common factor of 9 and p?
9
Let r(d) = 10 - d + 1 + 5. Let m be r(17). Let w be (m/(-2))/(4/8). What is the greatest common divisor of 4 and w?
1
Let b be ((-240)/(-90))/((-4)/(-6)). Suppose g = y, b = -y + 3*g - g. What is the highest common factor of 36 and y?
4
Let k(t) = -30*t**3 + t**2 + t. Let d = -4 - -3. Let r be k(d). Let b be (-9)/21 - 4626/(-14). What is the highest common divisor of r and b?
30
Let u = -3 - -28. Let n = u - -2. Calculate the highest common divisor of 3 and n.
3
Suppose 3 = -5*c - 3*l, -3 = 3*c + 2*l - 1. Let v = 28 + c. Calculate the greatest common divisor of 84 and v.
28
Let b(i) be the third derivative of -5*i**4/24 + 25*i**3/3 - 22*i**2. Let l be b(-7). Calculate the greatest common factor of l and 34.
17
Let z(p) = 181*p**2 + 2*p - 1. Suppose 6*h = 6 - 0. Let l be z(h). Let y(x) = x**2 + 3*x + 8. Let u be y(-6). Calculate the highest common factor of u and l.
26
Suppose y - 5*h = -61, 3*h + 0*h = 2*y + 94. Let g = y + 48. Calculate the highest common divisor of g and 63.
7
Suppose -1 - 53 = -6*q. Let p be (-6)/(-4) - 87/(-2). Calculate the greatest common factor of q and p.
9
Suppose -3*o = -2*o - 3, -3*j = -2*o. Let h(w) = -7 + w**3 + 14*w**j + 10*w + 23 - 7 + 2*w. Let d be h(-13). Calculate the greatest common factor of 242 and d.
22
Let p = -124 - -137. Suppose -3*s + 78 = f - 2*f, -4*s + 104 = 3*f. Calculate the highest common factor of s and p.
13
Suppose 3 = 4*q - 21. Let u(f) = -f**2 + 9*f + 6. Let c(h) = h. Let r(j) = 5*c(j) - u(j). Let i be r(q). Calculate the highest common factor of i and 24.
6
Let c be 6 + (-17 - -4) - -9. What is the greatest common factor of c and 158?
2
Let b = 51 - -60. What is the greatest common divisor of 555 and b?
111
Suppose 114*o - 282 = 113*o. What is the highest common factor of o and 6?
6
Let t(b) = -b**3 - 8*b**2 - 17*b - 3. Let q be t(-4). Let m(g) = g**3 + g - 1. Let r be m(2). Calculate the greatest common divisor of r and q.
1
Suppose -31*t + 31907 + 22281 = 0. Calculate the highest common divisor of 23 and t.
23
Suppose 2*z - 2 - 8 = 0. Suppose z*g - 546 = -8*g. Calculate the highest common divisor of 336 and g.
42
Let t = -223 - -377. Let z be 8/(-2)*(-9)/18. Let m = z - -12. Calculate the highest common factor of t and m.
14
Let h(y) = -y**2 + 2. Let a be h(3). Let n(v) = 5*v + 7. Let s be n(a). Let x = 46 + s. Calculate the greatest common divisor of x and 9.
9
Let t(o) = 5*o + 12. Let n be t(6). Suppose 0 = -5*a + n + 28. Let x = 68 + -47. Calculate the highest common factor of a and x.
7
Suppose -2*g + 4 = -2*c, -g = -6*g - c + 10. Suppose -3*x - 3*r + 72 = 0, -g*x - 4*r = -6*r - 32. What is the highest common factor of x and 20?
20
Suppose -4*r = -2*v - 608, 5*r - 434 = 3*v + 328. Calculate the greatest common divisor of 20 and r.
10
Let b(c) = c**3 + 5*c**2 - 3. Suppose 3*h + 13 = 1. Let k be b(h). Calculate the highest common divisor of 13 and k.
13
Suppose -9 + 1 = -4*w. Suppose 3*q + 3*h - 39 = 0, -2*h + 7 - 1 = 0. Let t = q - w. Calculate the highest common factor of t and 24.
8
Let x(v) = -v**2 + v + 2. Let i be x(0). Let s(f) = f**2 - f - 3. Let c be s(4). Let l = c + i. Calculate the greatest common divisor of l and 99.
11
Let p = -3023 - -3026. Let y be 1*2 + (5 - 6). Calculate the greatest common divisor of y and p.
1
Suppose 0 = -25*j - 42*j + 1809. What is the greatest common factor of 621 and j?
27
Let w be (-4)/34 + (-1568)/(-34). Calculate the greatest common factor of w and 506.
46
Let p be (-4)/(-12)*(67 - 1). Suppose 0*x - 4*l - 1075 = -3*x, x - 5*l = 340. Suppose -405 = -14*o + x. Calculate the highest common factor of p and o.
11
Suppose 990 = -461*v + 467*v. Calculate the highest common factor of 275 and v.
55
Suppose -d + l + 31 = 0, -94 = -3*d + 21*l - 19*l. Calculate the highest common divisor of d and 76.
4
Let v be (-40)/(-12) - 5/15. Let g be 5 + v + 1 + -1. Calculate the highest common divisor of g and 4.
4
Suppose -55*g + 840 = g. What is the greatest common divisor of 640 and g?
5
Suppose -650 = 11*g - 21*g. Suppose -15 = -2*m - m. What is the greatest common divisor of m and g?
5
Suppose -15*y = -4681 + 1561. Let t(b) = -7*b + 7. Let v be t(5). Let s = 54 + v. What is the highest common factor of y and s?
26
Suppose 4*w + 340 = -x + 5*x, 0 = 3*x + w - 235. Let p be 4/(-14) - 342/(-21). What is the greatest common factor of x and p?
16
Let k be (-261)/(-9) - (-2 - -3). Let h(f) = f**2 + 4*f**3 - 4*f + 3*f**2 - 3*f**3 - 2. Let i be h(-4). Calculate the highest common factor of k and i.
14
Let t = -748 + 751. Calculate the highest common factor of t and 129.
3
Suppose -17*m - 285 = -36*m. Calculate the highest common factor of 235 and m.
5
Let y = -571 - -587. Let a = 27 - -21. What is the greatest common divisor of a and y?
16
Let w be (-1 - 6) + 2/(-2). Let p be (1 - w)*(-4)/(-6). Suppose -8*f + 3 = -3*f + 4*c, -2*c - p = 0. Calculate the highest common divisor of f and 6.
3
Suppose 133 - 73 = 3*y. Calculate the highest common factor of y and 230.
10
Suppose 3*b = -2*z + 1, -b + 6 = b + 4*z. Let h be 24 - (0 + b) - -3. What is the highest common divisor of h and 56?
28
Suppose 3*g - 178 = 2*c, 0 = -g + 33*c - 29*c + 56. Suppose b + 4*d - 237 = -2*b, -315 = -4*b - 5*d. Calculate the greatest common divisor of g and b.
15
Suppose 4*g - 20 = 0, g - 10 + 2 = -h. Suppose -h*c - 51 = -117. What is the highest common factor of c and 2?
2
Let f(x) = -x**2 + 5*x - x + 0*x**2 - 3 - 10*x. Let y be f(-3). What is the highest common factor of 9 and y?
3
Suppose 3*w = 5*q + 73, -4*q + 2 = -5*q. Calculate the highest common factor of 315 and w.
21
Suppose -3*z + 12 = 0, -2*w + 5*z - 50 = -4*w. Calculate the greatest common factor of 5 and w.
5
Suppose -4*r = 4*r - 880. Let k = 24 + -14. What is the greatest common factor of k and r?
10
Let f be (3/(-6))/((-6)/(-48)). Let z be (-68)/f + 0/(-5). Calculate the highest common divisor of z and 51.
17
Suppose -29 = 7*m - 57. Let w be ((-18)/(-10) + 3)*5. Calculate the greatest common divisor of w and m.
4
Suppose 3*q - 276 = 3. Calculate the greatest common divisor of 403 and q.
31
Let y be 6 - (-1 + 1 + -2 + 3). Suppose 0*w + k + 416 = 4*w, y*k + 190 = 2*w. What is the greatest common divisor of 15 and w?
15
Suppose 4*z - 6*b - 44 = -2*b, b - 2 = 0. Calculate the highest common factor of z and 2.
1
Let h(n) = n + 12. Let f(j) = j - 5. Let v be f(5). Let a be h(v). Let b = 6124 - 5992. Calculate the highest common factor of a and b.
12
Let n be -30*1/(-8) + 1/4. Let p be (-15)/6*(n + -6). What is the greatest common factor of 1 and p?
1
Suppose 0 = -8*g + g + 203. Let k = g + 19. Calculate the highest common factor of 12 and k.
12
Let w = -4 - -7. Let x = 13 - 8. Suppose -36 = -i - x*i. Calculate the highest common divisor of w and i.
3
Suppose -2*q + 102 = 2*s - 250, 349 = 2*q - s. Calculate the greatest common factor of 35 and q.
35
Let y(v) = -v**3 + 5*v**2 + 8*v - 10. Let s be y(4). Let j = 648 - 344. Calculate the greatest common factor of j and s.
38
Suppose 18*j - 25*j = -182. Calculate the highest common divisor of 2 and j.
2
Let q(y) = -y**3 - 8*y**2 - 11*y + 4. Suppose 0*u = 2*c - 5*u + 19, c + 12 = 5*u. Let a be q(c). Calculate the greatest common factor of a and 4.
4
Let l = 57 - 51. Let a(u) = -2*u**2 + 11*u + 8. Let c be a(l). What is the highest common factor of c and 6?
2
Let j(t) = -2*t + 7. Let g be (-1)/((-3)/(-12)) + (-4 - -4). Let x be j(g). Calculate the highest common divisor of 15 and x.
15
Suppose f = 4*u - 6*u + 35, -190 = -4*f + 2*u. What is the highest common divisor of f and 45?
45
Let s = -118 - -142. 